{"id":187,"date":"2025-02-21T09:00:15","date_gmt":"2025-02-21T09:00:15","guid":{"rendered":"https:\/\/www.soccermedx.at\/?page_id=187"},"modified":"2025-02-21T09:18:33","modified_gmt":"2025-02-21T09:18:33","slug":"impressum","status":"publish","type":"page","link":"https:\/\/www.soccermedx.at\/index.php\/impressum\/","title":{"rendered":"Impressum"},"content":{"rendered":"\n<h4 class=\"wp-block-heading\"><strong>F\u00fcr den Inhalt verantwortlich<\/strong><\/h4>\n\n\n\n<p>ATU77390137 | FN 565438 b| Landesgericht Innsbruck<\/p>\n\n\n\n<h4 class=\"wp-block-heading\"><strong>Ordination<br>a. o. Univ.-Prof. Dr. Christian Fink<\/strong><\/h4>\n\n\n\n<p>Facharzt f\u00fcr Orthop\u00e4die, Unfallchirurgie &amp; Sporttraumatologie<br>Olympiastra\u00dfe 39<br>6020 Innsbruck<br>\u00d6sterreich<br>Tel.: +43 512 39 70 30<br>Fax: +43 512 39 70 30 20<br>E-Mail: info@gelenkpunkt.com<\/p>\n\n\n\n<h4 class=\"wp-block-heading\"><strong>Ordination<br>Priv.-Doz. Dr. Christian Hoser<\/strong><\/h4>\n\n\n\n<p>Facharzt f\u00fcr Orthop\u00e4die, Unfallchirurgie &amp; Sporttraumatologie<br>Olympiastra\u00dfe 39<br>6020 Innsbruck<br>\u00d6sterreich<br>Tel.: +43 512 39 70 30<br>Fax: +43 512 39 70 30 20<br>E-Mail: info@gelenkpunkt.com<\/p>\n\n\n\n<h4 class=\"wp-block-heading\"><strong>Ordination<br>Priv.-Doz. Dr. Peter Gf\u00f6ller<\/strong><\/h4>\n\n\n\n<p>Facharzt f\u00fcr Unfallchirurgie &amp; Sporttraumatologie<br>Olympiastra\u00dfe 39<br>6020 Innsbruck<br>\u00d6sterreich<br>Tel.: +43 512 39 70 30<br>Fax: +43 512 39 70 30 20<br>E-Mail: info@gelenkpunkt.com<\/p>\n\n\n\n<h4 class=\"wp-block-heading\"><strong>Ordination<br>Prof. Dr. Sepp Braun<\/strong><\/h4>\n\n\n\n<p>Facharzt f\u00fcr Orthop\u00e4die und Traumatologie<br>Olympiastra\u00dfe 39<br>6020 Innsbruck<br>\u00d6sterreich<br>Tel.: +43 512 39 70 30<br>Fax: +43 512 39 70 30 20<br>E-Mail: info@gelenkpunkt.com<\/p>\n\n\n\n<h4 class=\"wp-block-heading\"><strong>Ordination<br>DDr. Elisabeth Abermann<\/strong><\/h4>\n\n\n\n<p>Fach\u00e4rztin f\u00fcr Orthop\u00e4die und Traumatologie<br>Olympiastra\u00dfe 39<br>6020 Innsbruck<br>\u00d6sterreich<br>Tel.: +43 512 39 70 30<br>Fax: +43 512 39 70 30 20<br>E-Mail: info@gelenkpunkt.com<\/p>\n\n\n\n<h4 class=\"wp-block-heading\"><strong>\u00d6ffnungszeiten<\/strong><\/h4>\n\n\n\n<p>7 Tage die Woche<br>nach individueller Terminvereinbarung<\/p>\n\n\n\n<h4 class=\"wp-block-heading\"><strong>Telefonische Erreichbarkeit<\/strong><\/h4>\n\n\n\n<p>Mo 8:00 \u2013 17:00 Uhr<br>Di \u2013 Do 8:30 \u2013 17:00 Uhr<br>Fr 8:30 \u2013 14:00 Uhr<br><br><em>Im Notfall:<\/em><br>+43 664 353 22 20<\/p>\n\n\n\n<h4 class=\"wp-block-heading\"><strong>Bildnachweis<\/strong><\/h4>\n\n\n\n<ul class=\"wp-block-list\">\n<li>https:\/\/wallpaperdelight.com\/wallpapers\/soccer-ball-wallpaper\/<\/li>\n<\/ul>\n\n\n\n<h4 class=\"wp-block-heading\"><strong>Haftung f\u00fcr Links<\/strong><\/h4>\n\n\n\n<p>Die Redaktion \u00fcbernimmt keine Haftung f\u00fcr rechtswidrige oder fehlerhafte Inhalte von fremden Websites die mit gegenst\u00e4ndlicher Website verlinkt wurden. Die Redaktion hat keinen Einfluss auf die Inhalte der verlinkten Websites. Es wird erkl\u00e4rt, dass die Verlinkung nach bestem Wissen gesetzt wurde und zum Zeitpunkt der Verlinkung der Redaktion keine rechtswidrigen Inhalte der verlinkten Seiten bekannt waren.<\/p>\n\n\n\n<h4 class=\"wp-block-heading\"><strong>Datenschutz<\/strong><\/h4>\n\n\n\n<p>Ihre pers\u00f6nlichen Daten werden selbstverst\u00e4ndlich vertraulich behandelt und nicht an Dritte weitergegeben.<\/p>\n\n\n\n<h4 class=\"wp-block-heading\"><strong>Google Analytics<\/strong><\/h4>\n\n\n\n<p>Diese Website benutzt Google Analytics, einen Webanalysedienst der Google Inc. (\u201eGoogle\u201c). Google Analytics verwendet sog. \u201eCookies\u201c, Textdateien, die auf Ihrem Computer gespeichert werden und die eine Analyse der Benutzung der Website durch Sie erm\u00f6glichen. Die durch den Cookie erzeugten Informationen \u00fcber Ihre Benutzung dieser Website (einschlie\u00dflich Ihrer IP-Adresse) wird an einen Server von Google in den USA \u00fcbertragen und dort gespeichert. Google wird diese Informationen benutzen, um Ihre Nutzung der Website auszuwerten, um Reports \u00fcber die Websiteaktivit\u00e4ten f\u00fcr die Websitebetreiber zusammenzustellen und um weitere mit der Websitenutzung und der Internetnutzung verbundene Dienstleistungen zu erbringen. Auch wird Google diese Informationen gegebenenfalls an Dritte \u00fcbertragen, sofern dies gesetzlich vorgeschrieben oder soweit Dritte diese Daten im Auftrag von Google verarbeiten. Google wird in keinem Fall Ihre IP-Adresse mit anderen Daten von Google in Verbindung bringen. Sie k\u00f6nnen die Installation der Cookies durch eine entsprechende Einstellung Ihrer Browser Software verhindern; wir weisen Sie jedoch darauf hin, dass Sie in diesem Fall gegebenenfalls nicht s\u00e4mtliche Funktionen dieser Website vollumf\u00e4nglich nutzen k\u00f6nnen. Durch die Nutzung dieser Website erkl\u00e4ren Sie sich mit der Bearbeitung der \u00fcber Sie erhobenen Daten durch Google in der zuvor beschriebenen Art und Weise und zu dem zuvor benannten Zweck einverstanden.<\/p>\n","protected":false},"excerpt":{"rendered":"<p>F\u00fcr den Inhalt verantwortlich ATU77390137 | FN 565438 b| Landesgericht Innsbruck Ordinationa. o. Univ.-Prof. Dr. Christian Fink Facharzt f\u00fcr Orthop\u00e4die, Unfallchirurgie &amp; SporttraumatologieOlympiastra\u00dfe 396020 Innsbruck\u00d6sterreichTel.: +43 512 39 70 30Fax: +43 512 39 70 30 20E-Mail: info@gelenkpunkt.com OrdinationPriv.-Doz. Dr. Christian Hoser Facharzt f\u00fcr Orthop\u00e4die, Unfallchirurgie &amp; SporttraumatologieOlympiastra\u00dfe 396020 Innsbruck\u00d6sterreichTel.: +43 512 39 70 30Fax: +43 [&hellip;]<\/p>\n","protected":false},"author":1,"featured_media":0,"parent":0,"menu_order":0,"comment_status":"closed","ping_status":"closed","template":"","meta":{"footnotes":""},"class_list":["post-187","page","type-page","status-publish","hentry"],"_links":{"self":[{"href":"https:\/\/www.soccermedx.at\/index.php\/wp-json\/wp\/v2\/pages\/187","targetHints":{"allow":["GET"]}}],"collection":[{"href":"https:\/\/www.soccermedx.at\/index.php\/wp-json\/wp\/v2\/pages"}],"about":[{"href":"https:\/\/www.soccermedx.at\/index.php\/wp-json\/wp\/v2\/types\/page"}],"author":[{"embeddable":true,"href":"https:\/\/www.soccermedx.at\/index.php\/wp-json\/wp\/v2\/users\/1"}],"replies":[{"embeddable":true,"href":"https:\/\/www.soccermedx.at\/index.php\/wp-json\/wp\/v2\/comments?post=187"}],"version-history":[{"count":3,"href":"https:\/\/www.soccermedx.at\/index.php\/wp-json\/wp\/v2\/pages\/187\/revisions"}],"predecessor-version":[{"id":193,"href":"https:\/\/www.soccermedx.at\/index.php\/wp-json\/wp\/v2\/pages\/187\/revisions\/193"}],"wp:attachment":[{"href":"https:\/\/www.soccermedx.at\/index.php\/wp-json\/wp\/v2\/media?parent=187"}],"curies":[{"name":"wp","href":"https:\/\/api.w.org\/{rel}","templated":true}]}}